{"id":5225,"date":"2023-01-03T16:11:10","date_gmt":"2023-01-03T16:11:10","guid":{"rendered":"http:\/\/b-b-b.se\/?page_id=5225"},"modified":"2023-01-09T18:30:17","modified_gmt":"2023-01-09T18:30:17","slug":"kolfiberforstarkning","status":"publish","type":"page","link":"https:\/\/b-b-b.se\/index.php\/kolfiberforstarkning\/","title":{"rendered":"Kolfiberf\u00f6rst\u00e4rkning"},"content":{"rendered":"<div class=\"fusion-fullwidth fullwidth-box fusion-builder-row-1 fusion-flex-container nonhundred-percent-fullwidth non-hundred-percent-height-scrolling fusion-animated\" style=\"--awb-border-radius-top-left:0px;--awb-border-radius-top-right:0px;--awb-border-radius-bottom-right:0px;--awb-border-radius-bottom-left:0px;--awb-margin-bottom:120px;--awb-margin-bottom-medium:80px;--awb-margin-bottom-small:60px;\" data-animationType=\"fadeInUp\" data-animationDuration=\"1.3\" data-animationOffset=\"top-into-view\" ><div class=\"fusion-builder-row fusion-row fusion-flex-align-items-center\" style=\"max-width:1216.8px;margin-left: calc(-4% \/ 2 );margin-right: calc(-4% \/ 2 );\"><div class=\"fusion-layout-column fusion_builder_column fusion-builder-column-0 fusion-flex-column fusion-flex-align-self-flex-start\" style=\"--awb-bg-blend:overlay;--awb-bg-size:cover;--awb-width-large:40%;--awb-margin-top-large:0px;--awb-spacing-right-large:3.84%;--awb-margin-bottom-large:0px;--awb-spacing-left-large:4.8%;--awb-width-medium:40%;--awb-order-medium:0;--awb-spacing-right-medium:3.84%;--awb-spacing-left-medium:4.8%;--awb-width-small:100%;--awb-order-small:0;--awb-spacing-right-small:1.92%;--awb-margin-bottom-small:15px;--awb-spacing-left-small:1.92%;\"><div class=\"fusion-column-wrapper fusion-column-has-shadow fusion-flex-justify-content-flex-start fusion-content-layout-column\"><div class=\"fusion-text fusion-text-1\" style=\"--awb-font-size:var(--awb-typography2-font-size);--awb-line-height:var(--awb-typography2-line-height);--awb-letter-spacing:var(--awb-typography2-letter-spacing);--awb-text-transform:var(--awb-typography2-text-transform);--awb-text-color:var(--awb-color4);--awb-text-font-family:var(--awb-typography2-font-family);--awb-text-font-weight:var(--awb-typography2-font-weight);--awb-text-font-style:var(--awb-typography2-font-style);\"><p style=\"letter-spacing: 3px; color: #ff0000;\">Kolfiberf\u00f6rst\u00e4rkning<\/p>\n<\/div><div class=\"fusion-title title fusion-title-1 fusion-title-text fusion-title-size-five\" style=\"--awb-margin-bottom:0px;--awb-font-size:37px;\"><div class=\"title-sep-container title-sep-container-left fusion-no-large-visibility fusion-no-medium-visibility fusion-no-small-visibility\"><div class=\"title-sep sep- sep-solid\" style=\"border-color:var(--awb-color3);\"><\/div><\/div><span class=\"awb-title-spacer fusion-no-large-visibility fusion-no-medium-visibility fusion-no-small-visibility\"><\/span><h5 class=\"title-heading-left fusion-responsive-typography-calculated\" style=\"margin:0;font-size:1em;text-transform:capitalize;--fontSize:37;line-height:1.35;\"><h6 class=\"fusion-responsive-typography-calculated\" style=\"text-align: left;\" data-fontsize=\"64\" data-lineheight=\"76.8px\">Det kostnadseffektiva s\u00e4ttet att f\u00f6rst\u00e4rka befintliga och nya konstruktioner<\/h6><\/h5><span class=\"awb-title-spacer\"><\/span><div class=\"title-sep-container title-sep-container-right\"><div class=\"title-sep sep- sep-solid\" style=\"border-color:var(--awb-color3);\"><\/div><\/div><\/div><\/div><\/div><div class=\"fusion-layout-column fusion_builder_column fusion-builder-column-1 fusion-flex-column fusion-flex-align-self-flex-start\" style=\"--awb-bg-blend:overlay;--awb-bg-size:cover;--awb-width-large:60%;--awb-margin-top-large:0px;--awb-spacing-right-large:3.2%;--awb-margin-bottom-large:0px;--awb-spacing-left-large:6.4%;--awb-width-medium:60%;--awb-order-medium:0;--awb-spacing-right-medium:3.2%;--awb-spacing-left-medium:6.4%;--awb-width-small:100%;--awb-order-small:0;--awb-spacing-right-small:1.92%;--awb-spacing-left-small:1.92%;\"><div class=\"fusion-column-wrapper fusion-column-has-shadow fusion-flex-justify-content-flex-start fusion-content-layout-column\"><div class=\"fusion-text fusion-text-2\"><div class=\"cmp-layout__head cmp-layout--center\">\n<h3 class=\"cmp-layout__title\"><strong>Sika\u00ae CarboDur\u00ae <\/strong><\/h3>\n<\/div>\n<\/div><div class=\"fusion-text fusion-text-3\"><p>Kolfiberf\u00f6rst\u00e4rkning \u00e4r en innovativ metod f\u00f6r att \u00f6ka h\u00e5llfastheten och slitstyrkan hos betongkonstruktioner. Med hj\u00e4lp av kolfiberarmering kan du f\u00e5 en betongkonstruktion som \u00e4r starkare och mer h\u00e5llbar \u00e4n n\u00e5gonsin tidigare. Kolfiberf\u00f6rst\u00e4rkning \u00e4r ett l\u00e4tt och h\u00e5llbart alternativ till traditionell j\u00e4rnf\u00f6rst\u00e4rkning, som kan vara k\u00e4nslig f\u00f6r rost och andra skador.<\/p>\n<p>Med kolfiberf\u00f6rst\u00e4rkning kan du bygga l\u00e4ttare och mer h\u00e5llbara betongkonstruktioner som \u00e4r b\u00e4ttre anpassade f\u00f6r h\u00e5rda belastningar. Dessutom kan kolfiberf\u00f6rst\u00e4rkning ge betongkonstruktioner en betydligt \u00f6kad flexibilitet, vilket g\u00f6r dem mer motst\u00e5ndskraftiga mot sprickbildning och andra skador.<\/p>\n<p>Om du vill bygga en betongkonstruktion som \u00e4r stark, h\u00e5llbar och flexibel, b\u00f6r du absolut \u00f6verv\u00e4ga att anv\u00e4nda kolfiberf\u00f6rst\u00e4rkning. Med kolfiberf\u00f6rst\u00e4rkning kan du bygga betongkonstruktioner som h\u00e5ller m\u00e5nga \u00e5r fram\u00f6ver, och som kan klara av de h\u00e5rdaste belastningar.<\/p>\n<\/div><div class=\"fusion-text fusion-text-4\"><div class=\"cmp-layout__head cmp-layout--center\">\n<h3 class=\"cmp-layout__title\"><strong>Sika\u00ae CarboDur\u00ae Flexural Strengthening Video<\/strong><\/h3>\n<h5 class=\"cmp-layout__title\">See How Sika\u00ae CarboDur\u00ae FRP Plates Strengthen a Simple Concrete Beam<br \/>\nto Carry Much Higher Loads<\/h5>\n<\/div>\n<\/div><div class=\"fusion-video fusion-youtube\" style=\"--awb-max-width:600px;--awb-max-height:360px;\"><div class=\"video-shortcode\"><priv-fac-lite-youtube class=\"fusion-hidden\" data-privacy-type=\"youtube\" videoid=\"_oSGDt_XGHY\" class=\"landscape\" params=\"wmode=transparent&autoplay=1&enablejsapi=1\" title=\"YouTube video player 1\"><\/priv-fac-lite-youtube><div class=\"fusion-privacy-placeholder\"  data-privacy-type=\"youtube\"><div class=\"fusion-privacy-placeholder-content\"><div class=\"fusion-privacy-label\">Av sekretesssk\u00e4l beh\u00f6ver YouTube din till\u00e5telse f\u00f6r att laddas.<\/div><a href=\"\" data-privacy-type=\"youtube\" class=\"fusion-button button-default fusion-button-default-size button fusion-privacy-consent\">Jag godk\u00e4nner<\/a><\/div><\/div><\/div><\/div><div class=\"fusion-separator fusion-full-width-sep\" style=\"align-self: center;margin-left: auto;margin-right: auto;width:100%;\"><div class=\"fusion-separator-border sep-double\" style=\"--awb-height:20px;--awb-amount:20px;border-color:var(--awb-color2);border-top-width:1px;border-bottom-width:1px;\"><\/div><\/div><div class=\"fusion-text fusion-text-5\"><h3 class=\"fusion-responsive-typography-calculated\" data-fontsize=\"64\" data-lineheight=\"76.8px\">Utm\u00e4rkta anv\u00e4ndningsomr\u00e5den \u00e4r bl.a.<\/h3>\n<\/div><ul style=\"--awb-line-height:23.8px;--awb-icon-width:23.8px;--awb-icon-height:23.8px;--awb-icon-margin:9.8px;--awb-content-margin:33.6px;--awb-circlecolor:var(--awb-color4);--awb-circle-yes-font-size:12.32px;\" class=\"fusion-checklist fusion-checklist-1 fusion-checklist-default type-icons\"><li class=\"fusion-li-item\" style=\"\"><span class=\"icon-wrapper circle-yes\"><i class=\"fusion-li-icon fa-arrow-circle-right fas\" aria-hidden=\"true\"><\/i><\/span><div class=\"fusion-li-item-content\">\n<p>\u00c4ndrad last (broar, lagerytor)<\/p>\n<\/div><\/li><li class=\"fusion-li-item\" style=\"\"><span class=\"icon-wrapper circle-yes\"><i class=\"fusion-li-icon fa-arrow-circle-right fas\" aria-hidden=\"true\"><\/i><\/span><div class=\"fusion-li-item-content\">\n<p>Ombyggnad (d\u00e4r existerande armering sk\u00e4rs s\u00f6nder)<\/p>\n<\/div><\/li><li class=\"fusion-li-item\" style=\"\"><span class=\"icon-wrapper circle-yes\"><i class=\"fusion-li-icon fa-arrow-alt-circle-right fas\" aria-hidden=\"true\"><\/i><\/span><div class=\"fusion-li-item-content\">\n<p>Skador (brand, armeringskorrosion, p\u00e5k\u00f6rning av pelare)<\/p>\n<\/div><\/li><li class=\"fusion-li-item\" style=\"\"><span class=\"icon-wrapper circle-yes\"><i class=\"fusion-li-icon fa-arrow-circle-right fas\" aria-hidden=\"true\"><\/i><\/span><div class=\"fusion-li-item-content\">\n<p>Konstruktionsfel<\/p>\n<\/div><\/li><\/ul><\/div><\/div><div class=\"fusion-layout-column fusion_builder_column fusion-builder-column-2 fusion_builder_column_1_1 1_1 fusion-flex-column\" style=\"--awb-bg-size:cover;--awb-width-large:100%;--awb-margin-top-large:90px;--awb-spacing-right-large:1.92%;--awb-margin-bottom-large:0px;--awb-spacing-left-large:1.92%;--awb-width-medium:100%;--awb-order-medium:0;--awb-spacing-right-medium:1.92%;--awb-spacing-left-medium:1.92%;--awb-width-small:100%;--awb-order-small:0;--awb-spacing-right-small:1.92%;--awb-spacing-left-small:1.92%;\"><div class=\"fusion-column-wrapper fusion-column-has-shadow fusion-flex-justify-content-flex-start fusion-content-layout-column\"><div class=\"fusion-separator fusion-full-width-sep\" style=\"align-self: center;margin-left: auto;margin-right: auto;margin-top:0px;margin-bottom:0px;width:100%;\"><div class=\"fusion-separator-border sep-single sep-solid\" style=\"--awb-height:20px;--awb-amount:20px;border-color:var(--awb-color2);border-top-width:2px;\"><\/div><\/div><\/div><\/div><\/div><\/div>\n","protected":false},"excerpt":{"rendered":"","protected":false},"author":1,"featured_media":5294,"parent":0,"menu_order":0,"comment_status":"closed","ping_status":"closed","template":"100-width.php","meta":{"inline_featured_image":false,"footnotes":""},"class_list":["post-5225","page","type-page","status-publish","has-post-thumbnail","hentry"],"_links":{"self":[{"href":"https:\/\/b-b-b.se\/index.php\/wp-json\/wp\/v2\/pages\/5225","targetHints":{"allow":["GET"]}}],"collection":[{"href":"https:\/\/b-b-b.se\/index.php\/wp-json\/wp\/v2\/pages"}],"about":[{"href":"https:\/\/b-b-b.se\/index.php\/wp-json\/wp\/v2\/types\/page"}],"author":[{"embeddable":true,"href":"https:\/\/b-b-b.se\/index.php\/wp-json\/wp\/v2\/users\/1"}],"replies":[{"embeddable":true,"href":"https:\/\/b-b-b.se\/index.php\/wp-json\/wp\/v2\/comments?post=5225"}],"version-history":[{"count":13,"href":"https:\/\/b-b-b.se\/index.php\/wp-json\/wp\/v2\/pages\/5225\/revisions"}],"predecessor-version":[{"id":5296,"href":"https:\/\/b-b-b.se\/index.php\/wp-json\/wp\/v2\/pages\/5225\/revisions\/5296"}],"wp:featuredmedia":[{"embeddable":true,"href":"https:\/\/b-b-b.se\/index.php\/wp-json\/wp\/v2\/media\/5294"}],"wp:attachment":[{"href":"https:\/\/b-b-b.se\/index.php\/wp-json\/wp\/v2\/media?parent=5225"}],"curies":[{"name":"wp","href":"https:\/\/api.w.org\/{rel}","templated":true}]}}